e 5) to base 16
635ed
What is -54aca (base 13) in base 6?
-3142225
Convert 110010100111001111 (base 2) to base 11.
131835
Convert -54695 (base 12) to base 6.
-2220305
-1012534 (base 10) to base 14
-1c4ddc
What is -111100111001110000100 (base 2) in base 10?
-1995652
What is -23434023 (base 5) in base 7?
-1565415
130211310 (base 5) to base 6
21314144
What is -1111010000011111010101 (base 2) in base 16?
-3d07d5
-1802771 (base 9) to base 16
-f5962
What is -ba012 (base 14) in base 9?
-755285
-494a (base 15) to base 3
-210101121
-637317 (base 8) to base 5
-23301222
What is 11013123123 (base 4) in base 6?
44425003
10035422 (base 7) to base 12
341a55
-20152 (base 15) to base 2
-11000110010110000
-316a89 (base 16) to base 5
-1312113122
Convert -75820 (base 12) to base 9.
-255516
What is -3850467 (base 9) in base 2?
-1000000000101011000001
8ca09 (base 15) to base 5
103312014
What is -1001101100011101101 (base 2) in base 10?
-317677
What is 3e384 (base 15) in base 13?
6ccca
Convert -346611 (base 7) to base 10.
-62385
What is d0571 (base 14) in base 10?
500487
210341141 (base 5) to base 10
871421
-1030131112 (base 4) to base 10
-313174
Convert -2122110 (base 5) to base 13.
-1345c
Convert ac79 (base 15) to base 5.
2132224
Convert -20b900 (base 15) to base 7.
-16145661
What is -4088638 (base 9) in base 11?
-1262365
168316 (base 13) to base 2
10001000111001111001
What is 2200311023 (base 4) in base 5?
132040023
What is 111001001001010101 (base 2) in base 4?
321021111
What is 152435652 (base 7) in base 15?
d657e6
-34212145 (base 6) to base 15
-159402
What is -17013012 (base 8) in base 10?
-3937802
Convert 94aa961 (base 11) to base 8.
77711111
What is -57741 (base 8) in base 11?
-17494
Convert 8c918 (base 13) to base 16.
3e98a
What is -54120 (base 6) in base 3?
-101010210
What is 37015 (base 8) in base 6?
201313
-326646 (base 8) to base 4
-122312212
-31a758 (base 12) to base 14
-166416
What is 202310221 (base 4) in base 3?
21020122201
What is 150918 (base 10) in base 6?
3122410
Convert 1011368 (base 10) to base 6.
33402132
-c474bb (base 15) to base 12
-3164b05
Convert -660031 (base 7) to base 3.
-12212010021
2333231300 (base 4) to base 13
21656c
What is -832730 (base 9) in base 8?
-1705057
Convert -38ac6 (base 13) to base 6.
-2130343
What is -144442140 (base 5) in base 8?
-2765170
What is 11011303 (base 5) in base 2?
10111000101110010
Convert -1ddbe6 (base 16) to base 6.
-105535234
Convert 28245 (base 10) to base 9.
42663
Convert -1994064 (base 10) to base 4.
-13212311100
10111110000111011101001 (base 2) to base 9
12644530
Convert 69871 (base 13) to base 10.
192583
What is 22232220100 (base 4) in base 12?
b37694
What is -37004f (base 16) in base 6?
-205131435
1331332012 (base 4) to base 13
150b14
Convert 10222022121 (base 3) to base 5.
10000420
-10219060 (base 10) to base 2
-100110111110111000110100
1001011110001 (base 2) to base 11
3709
What is 47028 (base 9) in base 8?
75215
Convert -201000212201 (base 3) to base 8.
-1333531
What is 323273 (base 8) in base 13?
3a347
10246450 (base 7) to base 11
543a26
44402313 (base 5) to base 11
245426
Convert -4000021 (base 5) to base 11.
-42a69
Convert -706c5c (base 15) to base 5.
-2331314122
Convert 2140620 (base 7) to base 15.
5297c
-a3708 (base 12) to base 14
-57b84
Convert 15356152 (base 7) to base 16.
168706
-1452340 (base 6) to base 8
-245504
Convert 35ad (base 16) to base 15.
4111
Convert -1124324 (base 5) to base 3.
-1001020120
What is 47531 (base 12) in base 2?
10111011000110101
Convert a8a4a8 (base 14) to base 8.
25630024
-101010010012202 (base 3) to base 13
-1162b62
331b57 (base 14) to base 4
12213101001
What is 42738 (base 9) in base 15?
85be
What is -112233203111 (base 4) in base 11?
-3402327
Convert -322033451 (base 6) to base 4.
-111232303213
Convert 222210222122 (base 3) to base 2.
10000000110110101010
What is -12322331 (base 5) in base 14?
-31bdb
What is 2511224 (base 6) in base 2?
100000101010100000
Convert 114565 (base 8) to base 10.
39285
10010010000000011100101 (base 2) to base 15
6478c2
Convert -201132321332 (base 4) to base 13.
-1a841c2
Convert 4a7d8 (base 15) to base 5.
30104103
What is 4403420031 (base 5) in base 10?
9435641
What is -51480 (base 12) in base 14?
-2a932
Convert 20122022111222 (base 3) to base 16.
35dafa
Convert 33015524 (base 7) to base 2.
1010110010011010110011
Convert -4b2244 (base 12) to base 10.
-1227220
Convert 325908 (base 10) to base 12.
138730
1245566 (base 9) to base 7
5531124
Convert 83c895 (base 13) to base 3.
12210200021020
What is -3001b23 (base 13) in base 8?
-67202040
Convert -1000001100100000001110 (base 2) to base 12.
-877326
Convert -23273482 (base 9) to base 8.
-53152627
What is 203282 (base 9) in base 14?
31cc9
What is -143544231 (base 6) in base 5?
-1230444342
What is -25207 (base 9) in base 10?
-16936
Convert -1639a2 (base 13) to base 15.
-ad36d
61bb3 (base 14) to base 12
b4395
What is -10030332 (base 6) in base 9?
-472452
30002311102 (base 4) to base 7
35560021
What is -2068b0 (base 15) in base 7?
-16045416
133151 (base 7) to base 4
12020210
-117136 (base 14) to base 10
-595692
Convert -20503353 (base 6) to base 12.
-24ab59
Convert 24314112 (base 5) to base 11.
147299
What is -20401024 (base 5) in base 8?
-511671
Convert -a7246 (base 12) to base 11.
-140157
-530496 (base 11) to base 4
-3033131213
Convert -212213310103 (base 4) to base 8.
-46476423
What is 2184382 (base 9) in base 4?
10133200310
What is 1111100220 (base 4) in base 9?
582036
Convert -157647 (base 9) to base 11.
-67274
What is -c5dc2 (base 14) in base 15?
-966da
Convert 10464255 (base 7) to base 5.
213003222
Convert 53103044 (base 6) to base 10.
1548100
What is -32312332 (base 4) in base 16?
-edbe
Convert 1120512 (base 9) to base 3.
1010200120102
Convert -1111111100000 (base 2) to base 7.
-32535
-28132 (base 13) to base 15
-172dd
Convert -42571 (base 13) to base 5.
-12311300
Convert 320010022 (base 4) to base 5.
24322032
What is -1202210202211 (base 3) in base 8?
-3455654
-31866 (base 9) to base 8
-51200
1301331212 (base 4) to base 12
1a6172
Convert -11442331 (base 8) to base 16.
-2644d9
144234001 (base 5) to base 10
774251
Convert -23004 (base 9) to base 13.
-6c7c
-313123 (base 8) to base 15
-20c49
Convert 204254524 (base 6) to base 9.
6638607
Convert 4203112 (base 6) to base 7.
1503311
What is 44455 (base 11) in base 5?
4030212
111110111100100111101 (base 2) to base 10
2062653
What is 3255533 (base 7) in base 15?
7da35
What is b010d (base 14) in base 4?
1213032001
What is -4180130 (base 9) in base 16?
-2223e1
Convert 251486 (base 9) to base 2.
100101000111100010
Convert -62330 (base 7) to base 10.
-15260
What is 2210210011 (base 3) in base 10?
55246
-2102610 (base 7) to base 9
-425153
Convert -2212331313 (base 4) to base 9.
-1252113
What is 1100100011111001 (base 2) in base 6?
1034105
What is 9d2e58 (base 16) in base 9?
21340303
What is 100102201022010 (base 3) in base 16?
4c8030
What is 96185 (base 16) in base 3?
1011020022222
Convert -3a331 (base 11) to base 3.
-2221001110
Convert -9750eb (base 15) to base 14.
-d58074
Convert -217a2a (base 11) to base 4.
-1110302212
Convert -29318 (base 11) to base 15.
-c513
Convert 4dbba9 (base 14) to base 3.
12001022122112
541b4 (base 12) to base 11
76333
What is 34a17 (base 12) in base 3?
10120211001
444324 (base 6) to base 15
b0a1
438293 (base 11) to base 7
5641151
Convert -403d7a (base 15) to base 8.
-13506251
-10233423 (base 7) to base 14
-18764a
What is 1003202 (base 5) in base 10?
16052
Convert -4326356 (base 8) to base 10.
-1158382
What is 11111001222 (base 3) in base 9?
144058
What is -2524321 (base 6) in base 13?
-49a4a
-139a22 (base 11) to base 14
-5972b
-11300502 (base 6) to base 15
-6db02
10221211102 (base 3) to base 16
13037
58870 (base 12) to base 2
11100111111010100
Convert 225144514 (base 6) to base 2.
1111111001001011111110
Convert -480b88 (base 12) to base 14.
-223b28
-a4629b (base 13) to base 6
-214153330
What is 100211201110020 (base 3) in base 10?
5230176
577662 (base 8) to base 4
233332302
-112213031213 (base 4) to base 7
-101246111
-3514364 (base 8) to base 10
-956660
641796 (base 11) to base 14
1ca481
Convert -933d (base 16) to base 9.
-56631
Convert -101010001000100110010 (base 2) to base 5.
-323140113
-86055 (base 13) to base 